{"id":18,"date":"2025-03-04T07:20:06","date_gmt":"2025-03-04T12:20:06","guid":{"rendered":"https:\/\/cofradia-nsp.com.co\/?page_id=18"},"modified":"2025-03-04T10:05:36","modified_gmt":"2025-03-04T15:05:36","slug":"historia","status":"publish","type":"page","link":"https:\/\/cofradia-nsp.com.co\/index.php\/historia\/","title":{"rendered":"Historia"},"content":{"rendered":"\n<p class=\"has-medium-font-size\">La Cofrad\u00eda Nuestra Se\u00f1ora de la Pobreza (C.N.S.P.) es creada en el mes de junio del a\u00f1o 1997, con el objetivo de integrar un grupo de cargueros de todas las edades y de esta forma lograr una identidad propia en las distintas actividades donde realiza su participacion <\/p>\n\n\n\n<p><strong><em>Historia de la virgen de la Pobreza<\/em><\/strong><\/p>\n\n\n\n<figure class=\"wp-block-image alignright size-medium is-resized\"><img loading=\"lazy\" decoding=\"async\" width=\"204\" height=\"300\" src=\"https:\/\/cofradia-nsp.com.co\/wp-content\/uploads\/2025\/03\/R-204x300.jpg\" alt=\"La V\u00edrgen de la Pobreza es una de las advocaciones de la Virgen Mar\u00eda en el catolicismo. Adem\u00e1s es considerada por los fieles como la patrona de las ciudades colombianas de Pereira, Cartago y Tad\u00f3.\" class=\"wp-image-9\" style=\"width:303px;height:auto\" srcset=\"https:\/\/cofradia-nsp.com.co\/wp-content\/uploads\/2025\/03\/R-204x300.jpg 204w, https:\/\/cofradia-nsp.com.co\/wp-content\/uploads\/2025\/03\/R.jpg 480w\" sizes=\"auto, (max-width: 204px) 100vw, 204px\" \/><figcaption class=\"wp-element-caption\">La V\u00edrgen de la Pobreza es una de las advocaciones de la Virgen Mar\u00eda en el catolicismo. Adem\u00e1s es considerada por los fieles como la patrona de las ciudades colombianas de Pereira, Cartago y Tad\u00f3.<\/figcaption><\/figure>\n\n\n\n<p class=\"has-medium-font-size\">Mar\u00eda Ramos, era una mujer de 25 a\u00f1os de edad, de vida y costumbres ejemplares, muy piadosa, especialmente devota de la Sant\u00edsima virgen; iba al convento de los franciscanos a recibir la ropa de los padres para lavarla, coserla y arreglarla. A menudo Mar\u00eda Ramos sal\u00eda a las afueras de la ciudad, fuera de la muralla, a la orilla del r\u00edo Ot\u00fan, a lavar la ropa, por nada ni por nadie dejaba su oficio porque confiaba que la Virgen Sant\u00edsima la liberar\u00eda de caer en manos de los peligros y de los enemigos. Y as\u00ed sucedi\u00f3, porque nadie nunca le hizo da\u00f1o alguno. Un indio Pijao Guab\u00edo, catequizado y bautizado, despu\u00e9s de mucho tiempo confes\u00f3 hablando de esa mujer \u201cque su parcialidad hab\u00eda hecho grandes esfuerzos por matarla cuando la ve\u00edan lavando en la orilla del r\u00edo y no lo hab\u00edan podido conseguir porque una se\u00f1ora desconocida, con una luz o candela los hac\u00eda huir y no permit\u00eda que le hicieran da\u00f1o\u201d. Pues bien, corr\u00eda el a\u00f1o 1608 cuando la mujer Mar\u00eda Ramos que hacia doce a\u00f1os conservaba la costumbre de ir al convento de San Francisco para recibir la ropa de la iglesia, lavarla y arreglarla; recibi\u00f3 entre las piezas para lavar, muna manta o pedazo de lienzo sumamente sucio y lleno de rotos y rasgaduras, que hac\u00eda cuatro a\u00f1os serv\u00eda de \u201climpi\u00f3n\u201d en el convento; Mar\u00eda Ramos lav\u00f3 aquel limpi\u00f3n y lo extendi\u00f3 al sol para que se secara, no sin antes advertir al abrirlo, un rato despu\u00e9s y cuando calcul\u00f3 que ya estaba seco, se acerc\u00f3 a recogerlo para doblarlo y llevarlo a casa, cuando not\u00f3 en el con admiraci\u00f3n unos rasgos de pincel o como pinturas de una reliquia muy antigua y fij\u00e1ndose con m\u00e1s atenci\u00f3n su sorpresa se convirti\u00f3 en alegr\u00eda porque le pareci\u00f3 que era pintura que representaba a una imagen de la Virgen Sant\u00edsima a quien ella amaba. Llena de gozo y sin pensar en otra cosa, Mar\u00eda Ramos corri\u00f3 al convento y present\u00f3 el lienzo roto a Fray Bernardo Mac\u00edas, manifest\u00e1ndole su parecer. El padre sin darle mucha importancia al hallazgo por el triste y lamentable estado de la manta, pero descubriendo tambi\u00e9n al fijarse mucho, algo as\u00ed como una imagen de Mar\u00eda y tambi\u00e9n por no defraudar la piadosa ilusi\u00f3n de la que se la presentaba tan ufana. Le dijo que la llevara a su casa y la extendiera en un bastidor de ca\u00f1as y la colocara en un lugar decente. Extendida la manta en el bastidor de ca\u00f1as en la pobre casa de Mar\u00eda Ramos, ella y luego sus vecinas y compa\u00f1eras de oficio empezaron a invocarla y a confesarle sus necesidades y a tributarle el culto privado de sus corazones sencillos; y la Virgen empez\u00f3 tambi\u00e9n a derramar sus gracias sobre ellas y a despachar favorablemente sus suplicas. La devoci\u00f3n pues, se fue aumentando, hasta que fue necesario llevar el manto al templo donde la Iglesia oficializ\u00f3 un p\u00fablico y solemne culto hasta nuestros d\u00edas. Por esta raz\u00f3n es que la catedral de Pereira lleva el nombre de Catedral de Nuestra Se\u00f1ora de la Pobreza.<\/p>\n","protected":false},"excerpt":{"rendered":"<p>La Cofrad\u00eda Nuestra Se\u00f1ora de la Pobreza (C.N.S.P.) es creada en el mes de junio del a\u00f1o 1997, con el objetivo de integrar un grupo de cargueros de todas las edades y de esta forma lograr una identidad propia en las distintas actividades donde realiza su participacion Historia de la virgen de la Pobreza Mar\u00eda [&hellip;]<\/p>\n","protected":false},"author":1,"featured_media":0,"parent":0,"menu_order":0,"comment_status":"closed","ping_status":"closed","template":"","meta":{"footnotes":""},"class_list":["post-18","page","type-page","status-publish","hentry"],"_links":{"self":[{"href":"https:\/\/cofradia-nsp.com.co\/index.php\/wp-json\/wp\/v2\/pages\/18","targetHints":{"allow":["GET"]}}],"collection":[{"href":"https:\/\/cofradia-nsp.com.co\/index.php\/wp-json\/wp\/v2\/pages"}],"about":[{"href":"https:\/\/cofradia-nsp.com.co\/index.php\/wp-json\/wp\/v2\/types\/page"}],"author":[{"embeddable":true,"href":"https:\/\/cofradia-nsp.com.co\/index.php\/wp-json\/wp\/v2\/users\/1"}],"replies":[{"embeddable":true,"href":"https:\/\/cofradia-nsp.com.co\/index.php\/wp-json\/wp\/v2\/comments?post=18"}],"version-history":[{"count":1,"href":"https:\/\/cofradia-nsp.com.co\/index.php\/wp-json\/wp\/v2\/pages\/18\/revisions"}],"predecessor-version":[{"id":20,"href":"https:\/\/cofradia-nsp.com.co\/index.php\/wp-json\/wp\/v2\/pages\/18\/revisions\/20"}],"wp:attachment":[{"href":"https:\/\/cofradia-nsp.com.co\/index.php\/wp-json\/wp\/v2\/media?parent=18"}],"curies":[{"name":"wp","href":"https:\/\/api.w.org\/{rel}","templated":true}]}}

<p class="has-medium-font-size">La Cofradía Nuestra Señora de la Pobreza (C.N.S.P.) es creada en el mes de junio del año 1997, con el objetivo de integrar un grupo de cargueros de todas las edades y de esta forma lograr una identidad propia en las distintas actividades donde realiza su participacion </p>



<p><strong><em>Historia de la virgen de la Pobreza</em></strong></p>



<figure class="wp-block-image alignright size-medium is-resized"><img loading="lazy" decoding="async" width="204" height="300" src="https://cofradia-nsp.com.co/wp-content/uploads/2025/03/R-204x300.jpg" alt="La Vírgen de la Pobreza es una de las advocaciones de la Virgen María en el catolicismo. Además es considerada por los fieles como la patrona de las ciudades colombianas de Pereira, Cartago y Tadó." class="wp-image-9" style="width:303px;height:auto" srcset="https://cofradia-nsp.com.co/wp-content/uploads/2025/03/R-204x300.jpg 204w, https://cofradia-nsp.com.co/wp-content/uploads/2025/03/R.jpg 480w" sizes="auto, (max-width: 204px) 100vw, 204px" /><figcaption class="wp-element-caption">La Vírgen de la Pobreza es una de las advocaciones de la Virgen María en el catolicismo. Además es considerada por los fieles como la patrona de las ciudades colombianas de Pereira, Cartago y Tadó.</figcaption></figure>



<p class="has-medium-font-size">María Ramos, era una mujer de 25 años de edad, de vida y costumbres ejemplares, muy piadosa, especialmente devota de la Santísima virgen; iba al convento de los franciscanos a recibir la ropa de los padres para lavarla, coserla y arreglarla. A menudo María Ramos salía a las afueras de la ciudad, fuera de la muralla, a la orilla del río Otún, a lavar la ropa, por nada ni por nadie dejaba su oficio porque confiaba que la Virgen Santísima la liberaría de caer en manos de los peligros y de los enemigos. Y así sucedió, porque nadie nunca le hizo daño alguno. Un indio Pijao Guabío, catequizado y bautizado, después de mucho tiempo confesó hablando de esa mujer “que su parcialidad había hecho grandes esfuerzos por matarla cuando la veían lavando en la orilla del río y no lo habían podido conseguir porque una señora desconocida, con una luz o candela los hacía huir y no permitía que le hicieran daño”. Pues bien, corría el año 1608 cuando la mujer María Ramos que hacia doce años conservaba la costumbre de ir al convento de San Francisco para recibir la ropa de la iglesia, lavarla y arreglarla; recibió entre las piezas para lavar, muna manta o pedazo de lienzo sumamente sucio y lleno de rotos y rasgaduras, que hacía cuatro años servía de “limpión” en el convento; María Ramos lavó aquel limpión y lo extendió al sol para que se secara, no sin antes advertir al abrirlo, un rato después y cuando calculó que ya estaba seco, se acercó a recogerlo para doblarlo y llevarlo a casa, cuando notó en el con admiración unos rasgos de pincel o como pinturas de una reliquia muy antigua y fijándose con más atención su sorpresa se convirtió en alegría porque le pareció que era pintura que representaba a una imagen de la Virgen Santísima a quien ella amaba. Llena de gozo y sin pensar en otra cosa, María Ramos corrió al convento y presentó el lienzo roto a Fray Bernardo Macías, manifestándole su parecer. El padre sin darle mucha importancia al hallazgo por el triste y lamentable estado de la manta, pero descubriendo también al fijarse mucho, algo así como una imagen de María y también por no defraudar la piadosa ilusión de la que se la presentaba tan ufana. Le dijo que la llevara a su casa y la extendiera en un bastidor de cañas y la colocara en un lugar decente. Extendida la manta en el bastidor de cañas en la pobre casa de María Ramos, ella y luego sus vecinas y compañeras de oficio empezaron a invocarla y a confesarle sus necesidades y a tributarle el culto privado de sus corazones sencillos; y la Virgen empezó también a derramar sus gracias sobre ellas y a despachar favorablemente sus suplicas. La devoción pues, se fue aumentando, hasta que fue necesario llevar el manto al templo donde la Iglesia oficializó un público y solemne culto hasta nuestros días. Por esta razón es que la catedral de Pereira lleva el nombre de Catedral de Nuestra Señora de la Pobreza.</p>

<p>La Cofradía Nuestra Señora de la Pobreza (C.N.S.P.) es creada en el mes de junio del año 1997, con el objetivo de integrar un grupo de cargueros de todas las edades y de esta forma lograr una identidad propia en las distintas actividades donde realiza su participacion Historia de la virgen de la Pobreza María [&hellip;]</p>
